{"id":239,"date":"2019-06-13T15:08:42","date_gmt":"2019-06-13T13:08:42","guid":{"rendered":"https:\/\/vesely-ozon.cz\/?page_id=239"},"modified":"2026-01-17T16:11:26","modified_gmt":"2026-01-17T15:11:26","slug":"uvodni","status":"publish","type":"page","link":"https:\/\/vesely-ozon.cz\/","title":{"rendered":"V\u00edtejte"},"content":{"rendered":"<h2 style=\"text-align: center;\"><span style=\"color: #0000ff;\">V\u00edtejte na\u00a0 str\u00e1nk\u00e1ch, kter\u00e9 se v\u011bnuj\u00ed problematice ozonov\u00e9 terapie, \u010dasto z dosti netradi\u010dn\u00edho pohledu.<\/span><\/h2>\n<p>&nbsp;<\/p>\n<h2 style=\"text-align: center;\">\u00a0 \u00a0 <span style=\"font-size: 1.5625rem;\">\u00a0\u00a0<\/span><img loading=\"lazy\" decoding=\"async\" class=\"wp-image-870 aligncenter\" style=\"font-size: 1.5625rem;\" src=\"https:\/\/vesely-ozon.cz\/wp-content\/uploads\/2025\/06\/2090052279_Image_1751200316721_5771999_resized-300x300.jpg\" alt=\"\" width=\"230\" height=\"230\" srcset=\"https:\/\/vesely-ozon.cz\/wp-content\/uploads\/2025\/06\/2090052279_Image_1751200316721_5771999_resized-300x300.jpg 300w, https:\/\/vesely-ozon.cz\/wp-content\/uploads\/2025\/06\/2090052279_Image_1751200316721_5771999_resized-1024x1024.jpg 1024w, https:\/\/vesely-ozon.cz\/wp-content\/uploads\/2025\/06\/2090052279_Image_1751200316721_5771999_resized-150x150.jpg 150w, https:\/\/vesely-ozon.cz\/wp-content\/uploads\/2025\/06\/2090052279_Image_1751200316721_5771999_resized-768x768.jpg 768w, https:\/\/vesely-ozon.cz\/wp-content\/uploads\/2025\/06\/2090052279_Image_1751200316721_5771999_resized-1536x1536.jpg 1536w, https:\/\/vesely-ozon.cz\/wp-content\/uploads\/2025\/06\/2090052279_Image_1751200316721_5771999_resized.jpg 1732w\" sizes=\"auto, (max-width: 230px) 100vw, 230px\" \/><\/h2>\n<h2 style=\"text-align: center;\"><strong>Pro\u010d miluji a pracuji s ozonem? <\/strong><\/h2>\n<p style=\"text-align: center;\"><strong>Nejlep\u0161\u00edm u\u010ditelem je p\u0159\u00edroda.<\/strong><\/p>\n<p style=\"text-align: center;\"><strong>Pokud m\u011bl vzniknout na planet\u011b \u017eivot musel z\u00edskat <\/strong><strong>ochranu p\u0159ed z\u00e1\u0159en\u00edm ze Slunce <\/strong><strong>i z Vesm\u00edru. Takovou ochranu z\u00edskal d\u00edky ozonov\u00e9 vrstv\u011b ve stratosf\u00e9\u0159e.\u00a0<\/strong><\/p>\n<p style=\"text-align: center;\"><strong>Kdy\u017e se n\u011bco v p\u0159\u00edrod\u011b osv\u011bd\u010d\u00ed, tak je to pou\u017eit\u00e9 i jinde.<\/strong><\/p>\n<p style=\"text-align: center;\"><strong>Ochranu v na\u0161em t\u011ble zaji\u0161tuje imunitn\u00ed syst\u00e9m. Jeho nejv\u011bt\u0161\u00ed zbran\u00ed je pr\u00e1v\u011b ozon. <\/strong><strong>Ur\u010dit\u011b to nen\u00ed n\u00e1hoda.<\/strong><\/p>\n<p style=\"text-align: center;\"><strong>Je na n\u00e1s, zda se pou\u010d\u00edme a pou\u017eijeme vlastn\u011b p\u0159\u00edrodn\u00ed l\u00e9\u010dbu.<\/strong><\/p>\n<p style=\"text-align: center;\">Upozorn\u011bn\u00ed !<\/p>\n<p style=\"text-align: center;\">Nejsem ji\u017e ani v\u00fdrobcem, distributorem ani prodejcem.<\/p>\n<p style=\"text-align: center;\">Proto sm\u011b\u0159ujte dotazy\u00a0 na produkty a ev. jejich n\u00e1kup k nim.<\/p>\n<p style=\"text-align: center;\">M\u00fdm \u00fakolem je nyn\u00ed informace\u00a0 a \u0161kolen\u00ed jak odborn\u00e9 tak laick\u00e9 ve\u0159ejnosti.<\/p>\n<p>&nbsp;<\/p>\n<p style=\"text-align: center;\">\n<p>&nbsp;<\/p>\n<p style=\"text-align: center;\">\n","protected":false},"excerpt":{"rendered":"<p>V\u00edtejte na\u00a0 str\u00e1nk\u00e1ch, kter\u00e9 se v\u011bnuj\u00ed problematice ozonov\u00e9 terapie, \u010dasto z dosti netradi\u010dn\u00edho pohledu. &nbsp; \u00a0 \u00a0 \u00a0\u00a0 Pro\u010d miluji a pracuji s ozonem? Nejlep\u0161\u00edm u\u010ditelem je p\u0159\u00edroda. Pokud m\u011bl &#8230;<\/p>\n","protected":false},"author":1,"featured_media":0,"parent":0,"menu_order":0,"comment_status":"closed","ping_status":"closed","template":"","meta":{"footnotes":""},"class_list":["post-239","page","type-page","status-publish","hentry"],"_links":{"self":[{"href":"https:\/\/vesely-ozon.cz\/index.php?rest_route=\/wp\/v2\/pages\/239","targetHints":{"allow":["GET"]}}],"collection":[{"href":"https:\/\/vesely-ozon.cz\/index.php?rest_route=\/wp\/v2\/pages"}],"about":[{"href":"https:\/\/vesely-ozon.cz\/index.php?rest_route=\/wp\/v2\/types\/page"}],"author":[{"embeddable":true,"href":"https:\/\/vesely-ozon.cz\/index.php?rest_route=\/wp\/v2\/users\/1"}],"replies":[{"embeddable":true,"href":"https:\/\/vesely-ozon.cz\/index.php?rest_route=%2Fwp%2Fv2%2Fcomments&post=239"}],"version-history":[{"count":23,"href":"https:\/\/vesely-ozon.cz\/index.php?rest_route=\/wp\/v2\/pages\/239\/revisions"}],"predecessor-version":[{"id":998,"href":"https:\/\/vesely-ozon.cz\/index.php?rest_route=\/wp\/v2\/pages\/239\/revisions\/998"}],"wp:attachment":[{"href":"https:\/\/vesely-ozon.cz\/index.php?rest_route=%2Fwp%2Fv2%2Fmedia&parent=239"}],"curies":[{"name":"wp","href":"https:\/\/api.w.org\/{rel}","templated":true}]}}